 3*r = 31996, 3*j - 25*r - 23997 = -23*r. What is the units digit of j?
9
Suppose -3*b - 319 = a, 4*a - 5*b = -2*b - 1201. Let g = 551 + a. What is the hundreds digit of g?
2
Suppose q = -3*m - 5214, -4*q - 2*m - 20814 = -4*m. Let w be 35/15*-3*1. What is the tens digit of q/(-105) + 4/w?
4
Suppose 7*v = 2*v + 80. Suppose 13*c = v*c - 1083. What is the tens digit of c?
6
Let v = -366 - -361. What is the units digit of (-1*8/v)/(14/455)?
2
Let h(k) = 5*k + 19. Let m be h(-12). Let w = m - -58. Suppose -12*v + w*v - 1105 = 0. What is the hundreds digit of v?
2
Suppose i = 7, -b = 3*i - 7335 - 22382. What is the units digit of b?
6
Suppose -2065*t - 642 = -2071*t. What is the units digit of (t/3)/(5 - 220/45)?
1
Let q = -52 + 82. Suppose -3*m + 20 = -2*f, -5*f + 3*f = 2*m - q. Suppose m + 17 = o. What is the tens digit of o?
2
Let a = -461 + 660. What is the thousands digit of 56 - 50 - -7*a?
1
Let h be (2 - 1)*-4 - -9. Suppose h*i - 4*i - 243 = 0. What is the tens digit of i?
4
Suppose 8*z + 21108 = -7*z + 18*z. What is the hundreds digit of z?
0
Let b = -380 + 687. Suppose 2*l - b = -5*t - 41, -5*l = t - 642. What is the units digit of l?
8
What is the ten thousands digit of (-79)/(9/(-3) - (-5 - (-1269)/633))?
1
Suppose -2*d = -5*r + 10967 + 86777, -5*d = 4*r - 78215. What is the units digit of r?
0
Suppose -4*v - 153*g + 150*g = -167337, 4*v = 2*g + 167342. What is the ten thousands digit of v?
4
Let w(t) be the first derivative of -93*t**4/2 + 2*t**3 + t**2/2 - 4*t + 7. What is the hundreds digit of w(-1)?
1
Let t be 2/18 + ((-126016)/9)/16. Let a = t + 1252. What is the tens digit of a?
7
Let s be ((-1)/(-1))/(2/(-36)). Let j(o) = -o**3 + 12*o**2 - 21*o - 8. Let z be j(7). Let w = s + z. What is the tens digit of w?
7
Let v(g) = -777*g + 3066. What is the hundreds digit of v(-45)?
0
Let f(k) = 8*k**3 + 7*k**2 + 5*k - 3. Let j be f(4). Let b = -257 + j. What is the tens digit of b?
8
Let d = 76823 + -36346. What is the hundreds digit of d?
4
Let d(t) = 2*t**3 + 41*t**2 - 10*t - 4. Let w be d(-21). Suppose 180 = -a - 169. Let l = w - a. What is the units digit of l?
4
Suppose -31*k - 176945 + 745392 = 0. What is the tens digit of k?
3
Suppose -6*k + 3*k + 3039 = 0. Let s = k - 599. Let c = s - 271. What is the hundreds digit of c?
1
Let z = -1445 + 1032. Let x = 776 + z. What is the units digit of x?
3
Suppose 0 = -27*f + 7*f - 1640. What is the units digit of (-884)/(-6) + (-13 - f/6)?
8
Let k = 434 - 170. Suppose 1815 = -261*a + k*a. What is the tens digit of a?
0
Let v(w) = w**2 - 5*w - 4. Let g be v(7). Suppose 5*a - 6 - 8 = 3*q, q - 3*a + g = 0. What is the units digit of (79 - 25)*q/4?
7
Let v = 46589 + -25581. What is the ten thousands digit of v?
2
Suppose 4*n - s = 17, -5*n + s + 16 = -2*s. Suppose -10 = -5*d + 4*o, -n*d + d = -4*o - 8. Suppose 180 + 48 = d*v. What is the tens digit of v?
1
What is the hundreds digit of (25*3/(-12))/(6*2/(-56880))?
6
Let p = 226 + -130. Suppose 0 = -2*g - 3*f - f + 48, 0 = -4*g + 2*f + p. What is the tens digit of g?
2
Suppose l = 5*g + 58, -2*l + 3*g + 111 = 23. Let c = l + -35. Suppose -6*f + c*f = -63. What is the tens digit of f?
2
Let v = 45 - 43. Let r be (-52)/(-8)*(v - -12). Suppose -2*c = -0*n + n - 111, -3*c = -n + r. What is the hundreds digit of n?
1
Suppose -36*v = 3*l - 33*v - 7986, -2*v + 7983 = 3*l. What is the units digit of l?
9
Let w(o) = -5*o**3 - 8*o**2 - 11*o - 137. What is the tens digit of w(-9)?
5
Let a(o) = 4*o**2 + 24*o - 46. Let f be a(11). Let t = 1119 - f. What is the hundreds digit of t?
4
Suppose 0 = -2*y - 2*d + 4, 4*d - 1 = 4*y - d. Suppose 0 = p + y - 5. Suppose u + 4*a = 93, p*u - 173 = 4*a + 99. What is the units digit of u?
3
Let f be -2*(-4 - 1/(-2)). Suppose -f*l + 769 + 1107 = 0. Let m = l + -140. What is the units digit of m?
8
Let x = -163 + 202. Suppose -42*v + 4044 = -x*v. What is the thousands digit of v?
1
Suppose 8 = -5*b - 2*s, 0*b - 20 = b + 5*s. Suppose b = -2*p + 15 - 1. Suppose 3*c = p*c - 604. What is the tens digit of c?
5
Let p be 2/(-3)*(-3)/(-1). Let c be ((-6)/12)/(p/(-4))*0. Suppose c = -y + 128 + 13. What is the tens digit of y?
4
What is the ten thousands digit of (3/((-300)/510140))/(2/(-20))?
5
Let c = 19 + -46. Let g = 30 + c. What is the tens digit of (-7)/(g/6 + -1)?
1
Let z(l) = -l**3 - 6*l**2 - 6*l - 11. Let s be z(-5). What is the units digit of (-8685)/(-18) + (-3)/s?
3
Let b = -109 + 43. Let o = 151 + b. What is the tens digit of o?
8
Let v(a) be the second derivative of -a**4/12 + 5*a**3/3 - a**2/2 - 16*a. Let t be v(14). Let o = t - -62. What is the units digit of o?
5
Let q = -13762 + 47570. What is the units digit of q?
8
Suppose 0 = -30*c + 31*c - 9402. What is the thousands digit of c?
9
Suppose -59 - 53 = -4*i. Let b(x) = 11*x - i*x - 30*x - 15*x. What is the units digit of b(-1)?
2
What is the tens digit of (1495320/1530)/(2/18*4)?
9
What is the hundreds digit of (6/(-4))/((-51)/105570)?
1
Suppose -4*z = -o + 2816, 4*z = 16*o - 11*o - 14144. Suppose -309*g + 305*g = -o. What is the hundreds digit of g?
7
Suppose 5*k = 3*w + 31, 3*k + 0*w - 25 = 5*w. Suppose -4*j - 173 = -3*s + 50, 0 = j - k. What is the tens digit of s + 0/(-4 - 1)?
8
Suppose 4*k + 12 = 0, 3*t - 546 = -65*k + 63*k. What is the tens digit of t?
8
Let q be ((-12)/(-8))/((-6)/(-20)). Suppose o + 4*c = 2*c + 13, 5*o = 4*c - q. Suppose o*n + 6 = 0, 4*z + 121 = n + 559. What is the hundreds digit of z?
1
Let o(d) = -526*d**3 - 4*d + 527*d**3 + 7 + d**2 + 3*d**2. Let f be o(-5). Suppose 4*l - f*l = 212. What is the units digit of l?
6
Let k = 796 + -791. Suppose 0 = -2*g - k*p + 745, -2*p - 1848 = 66*g - 71*g. What is the units digit of g?
0
What is the thousands digit of 8*(-5)/(-16)*83290/25?
8
Suppose 7*d - 134976 + 100694 = 143238. What is the hundreds digit of d?
3
Suppose 7*w - 1463 - 1176 = 0. Suppose -3*b + 5*t = -261, -4*b - 29 = -5*t - w. What is the tens digit of b?
8
Suppose -9*q + 5 = -4*q + v, -q - 8 = 2*v. Suppose 2*x + 10 = q*c, 4*c + c + 2*x = 25. Suppose -b = 3*r - 2, -c*b + 4*r = -3 - 7. What is the units digit of b?
2
Suppose 0 = -2*f - 4*l + 107112, -f = -4*l - 67852 + 14290. What is the units digit of f?
8
Let d(h) = 5284*h**2 - 589*h - 1761. What is the hundreds digit of d(-3)?
5
Suppose 4*y + 53*y + 66*y = -371460. Suppose -2*i - 3 = -31. What is the units digit of 4 + (-78)/21 - y/i?
6
Let m(k) = k**2 + 30*k + 3. Let f be (-52)/65*(225/(-6))/(-1). Let h be m(f). Suppose 0*n - 456 = -h*n. What is the tens digit of n?
5
Suppose -26 = -4*i + 3*f, 4*f = 2*f - 4. Suppose -117 = -i*j + 378. Let w = 34 + j. What is the hundreds digit of w?
1
Suppose -2*f - 4 = 4. Suppose 2*c = -3*c + 80. What is the units digit of 28/(-4*f/c)?
8
What is the tens digit of 15/35 - (-118002)/42?
1
Suppose -3*p = -5*z - 34, 5*p - p + 2*z = 2. Let t(n) = 2*n + 41. Let f be t(12). Suppose b = -p*b - 3*w + 145, -2*b = 3*w - f. What is the tens digit of b?
4
Suppose -y = -5*k + 12, -10*k - 4*y = -11*k - 9. Suppose 2*d + k + 5 = 0, -5812 = -5*a - 2*d. What is the tens digit of a?
6
What is the thousands digit of 24/(-4) + 9251 - -14?
9
Let s(b) = 32*b**3 + 6*b - 7. Let k = -406 - -408. What is the units digit of s(k)?
1
Let d = -25 + 32. Suppose d*h - 5 = 2*h, 0 = o - h - 2. Suppose -4*t = -o*v + 432, -3*t = v - 65 - 66. What is the tens digit of v?
4
Let f = -22152 + 38253. What is the hundreds digit of f?
1
Let r be 3*(56/12)/(-7). What is the units digit of r/(-3) - ((-10171)/21 - 4)?
9
Suppose 178197 + 112567 = 18*i + 79228. What is the ten thousands digit of i?
1
Let v be 10/(-12) + 191170/84. Suppose 3*r + 2*r = v. What is the tens digit of r?
5
Let k = 49 - 42. Suppose l - 156 = k*l. Let p = l + 28. What is the units digit of p?
2
Suppose -12704 - 1680 = -4*w. What is the units digit of w?
6
Let i = -124 - -5696. What is the thousands digit of i?
5
Let l(i) = -13*i**2 + 29*i - 8. Let s(y) = -7*y**2 + 14*y - 4. Let v(g) = 4*l(g) - 9*s(g). What is the thousands digit of v(11)?
1
Let c(t) = 230*t**3 - 3*t**2 + 5*t - 3. Suppose a - 3*w = 1, 9*a - 4 = 5*a + 2*w. What is the tens digit of c(a)?
2
Let q(m) = 11*m**2 - 18. Let a(y) = -32*y**2 + y + 54. Let o(h) = 2*a(h) + 7*q(h). What is the tens digit of o(4)?
9
Suppose -3*v + 3*i = v - 295, -4*i - 230 = -3*v. Let 